{"id":2717,"date":"2026-01-24T08:50:04","date_gmt":"2026-01-24T08:50:04","guid":{"rendered":"https:\/\/stans.lol\/shop\/product\/team-rockets-dugtrio-206\/"},"modified":"2026-01-24T13:27:11","modified_gmt":"2026-01-24T13:27:11","slug":"team-rockets-dugtrio-206","status":"publish","type":"product","link":"https:\/\/stans.lol\/shop\/product\/team-rockets-dugtrio-206\/","title":{"rendered":"Team Rocket&#8217;s Dugtrio #206"},"content":{"rendered":"<p>Team Rocket&#8217;s Dugtrio (#XXXX) is a Ground-type &#8220;Mischievous Trio Pok\u00e9mon&#8221; introduced in Generation I. It is known for its mischievous and sneaky nature, often causing trouble for trainers and Pok\u00e9mon alike. Its abilities include Sand Veil and Arena Trap, and it does not evolve from or into any other Pok\u00e9mon. Typically found in underground tunnels and urban ruins, this Pok\u00e9mon is famous for its quick burrowing skills. A curious fact is that it was originally used by Team Rocket in their schemes to capture Pikachu.<\/p>\n","protected":false},"excerpt":{"rendered":"<p>Team Rocket&#8217;s Dugtrio (#XXXX) is a Ground-type &#8220;Mischievous Trio Pok\u00e9mon&#8221; introduced in Generation I. It is known for its mischievous and sneaky nature, often causing trouble for trainers and Pok\u00e9mon alike. Its abilities include Sand Veil and Arena Trap, and it does not evolve from or into any other Pok\u00e9mon. Typically found in underground tunnels [&hellip;]<\/p>\n","protected":false},"featured_media":1732,"comment_status":"open","ping_status":"closed","template":"","meta":{"pagelayer_contact_templates":[],"_pagelayer_content":""},"product_brand":[],"product_cat":[46,17],"product_tag":[],"class_list":{"0":"post-2717","1":"product","2":"type-product","3":"status-publish","4":"has-post-thumbnail","6":"product_cat-pokemon-japanese-mega-dream-ex","7":"product_cat-pokemon","9":"first","10":"instock","11":"taxable","12":"shipping-taxable","13":"purchasable","14":"product-type-simple"},"jetpack_sharing_enabled":true,"_links":{"self":[{"href":"https:\/\/stans.lol\/shop\/wp-json\/wp\/v2\/product\/2717","targetHints":{"allow":["GET"]}}],"collection":[{"href":"https:\/\/stans.lol\/shop\/wp-json\/wp\/v2\/product"}],"about":[{"href":"https:\/\/stans.lol\/shop\/wp-json\/wp\/v2\/types\/product"}],"replies":[{"embeddable":true,"href":"https:\/\/stans.lol\/shop\/wp-json\/wp\/v2\/comments?post=2717"}],"wp:featuredmedia":[{"embeddable":true,"href":"https:\/\/stans.lol\/shop\/wp-json\/wp\/v2\/media\/1732"}],"wp:attachment":[{"href":"https:\/\/stans.lol\/shop\/wp-json\/wp\/v2\/media?parent=2717"}],"wp:term":[{"taxonomy":"product_brand","embeddable":true,"href":"https:\/\/stans.lol\/shop\/wp-json\/wp\/v2\/product_brand?post=2717"},{"taxonomy":"product_cat","embeddable":true,"href":"https:\/\/stans.lol\/shop\/wp-json\/wp\/v2\/product_cat?post=2717"},{"taxonomy":"product_tag","embeddable":true,"href":"https:\/\/stans.lol\/shop\/wp-json\/wp\/v2\/product_tag?post=2717"}],"curies":[{"name":"wp","href":"https:\/\/api.w.org\/{rel}","templated":true}]}}