{"id":3007,"date":"2026-01-24T08:51:34","date_gmt":"2026-01-24T08:51:34","guid":{"rendered":"https:\/\/stans.lol\/shop\/product\/team-rockets-giovanni-boss-coffee-270-sv-p\/"},"modified":"2026-01-24T13:20:08","modified_gmt":"2026-01-24T13:20:08","slug":"team-rockets-giovanni-boss-coffee-270-sv-p","status":"publish","type":"product","link":"https:\/\/stans.lol\/shop\/product\/team-rockets-giovanni-boss-coffee-270-sv-p\/","title":{"rendered":"Team Rocket&#8217;s Giovanni [Boss Coffee] #270\/SV-P"},"content":{"rendered":"<p>Team Rocket&#8217;s Giovanni (#0000) is a Dark- and Ground-type &#8220;Mafia Boss Pok\u00e9mon&#8221; introduced in Generation I. It is known for its strategic mind and leadership in the Pok\u00e9mon world, possessing abilities like Intimidate and Ground Domination. As a unique, non-evolving Pok\u00e9mon, it is often found lurking in underground hideouts or industrial areas. Curiously, Giovanni\u2019s presence is said to influence the local environment, creating an aura of intimidation and mystery.<\/p>\n","protected":false},"excerpt":{"rendered":"<p>Team Rocket&#8217;s Giovanni (#0000) is a Dark- and Ground-type &#8220;Mafia Boss Pok\u00e9mon&#8221; introduced in Generation I. It is known for its strategic mind and leadership in the Pok\u00e9mon world, possessing abilities like Intimidate and Ground Domination. As a unique, non-evolving Pok\u00e9mon, it is often found lurking in underground hideouts or industrial areas. Curiously, Giovanni\u2019s presence [&hellip;]<\/p>\n","protected":false},"featured_media":1794,"comment_status":"open","ping_status":"closed","template":"","meta":{"pagelayer_contact_templates":[],"_pagelayer_content":""},"product_brand":[],"product_cat":[47,17],"product_tag":[],"class_list":{"0":"post-3007","1":"product","2":"type-product","3":"status-publish","4":"has-post-thumbnail","6":"product_cat-pokemon-japanese-promo","7":"product_cat-pokemon","9":"first","10":"instock","11":"taxable","12":"shipping-taxable","13":"purchasable","14":"product-type-simple"},"jetpack_sharing_enabled":true,"_links":{"self":[{"href":"https:\/\/stans.lol\/shop\/wp-json\/wp\/v2\/product\/3007","targetHints":{"allow":["GET"]}}],"collection":[{"href":"https:\/\/stans.lol\/shop\/wp-json\/wp\/v2\/product"}],"about":[{"href":"https:\/\/stans.lol\/shop\/wp-json\/wp\/v2\/types\/product"}],"replies":[{"embeddable":true,"href":"https:\/\/stans.lol\/shop\/wp-json\/wp\/v2\/comments?post=3007"}],"wp:featuredmedia":[{"embeddable":true,"href":"https:\/\/stans.lol\/shop\/wp-json\/wp\/v2\/media\/1794"}],"wp:attachment":[{"href":"https:\/\/stans.lol\/shop\/wp-json\/wp\/v2\/media?parent=3007"}],"wp:term":[{"taxonomy":"product_brand","embeddable":true,"href":"https:\/\/stans.lol\/shop\/wp-json\/wp\/v2\/product_brand?post=3007"},{"taxonomy":"product_cat","embeddable":true,"href":"https:\/\/stans.lol\/shop\/wp-json\/wp\/v2\/product_cat?post=3007"},{"taxonomy":"product_tag","embeddable":true,"href":"https:\/\/stans.lol\/shop\/wp-json\/wp\/v2\/product_tag?post=3007"}],"curies":[{"name":"wp","href":"https:\/\/api.w.org\/{rel}","templated":true}]}}